= -1 - 2 - k + 0. Let x be a(0). Give l(x).
2
Suppose 0 = -5*a - 3*f, 0 = 2*a - f + 6*f - 19. Let t(k) = -7*k - 3. Give t(a).
18
Let q(p) = 15*p + 4. Let x(j) = -105*j - 27. Let v(t) = 27*q(t) + 4*x(t). Determine v(1).
-15
Let d be (-1 - 0) + 3 + -6. Let n(q) = q**3 + 5*q**2 + 7*q + 4. Give n(d).
-8
Let x(q) be the third derivative of -q**6/120 - q**5/15 - q**4/24 + q**3/3 + 7*q**2. Determine x(-3).
-4
Let x(h) be the first derivative of -h**3/3 + 3*h**2 - h - 5. Give x(4).
7
Let s(o) = -2*o - 3. Suppose 2*p + 1 = 9. Suppose -2*g + p = r, -2*r - 27 - 1 = -5*g. Calculate s(r).
5
Let c = 9 - -8. Suppose -5*z + 3 = -c. Suppose -u - 5 = 0, -z*n = -5*n + u + 8. Let v(r) = -2*r + 1. Calculate v(n).
-5
Let p(x) be the first derivative of 2 + 1/2*x**2 + 5*x. What is p(0)?
5
Let h(q) = -2*q - 8*q + q**3 - q**2 + 9*q + 2. Give h(-2).
-8
Let p(d) be the third derivative of -d**4/24 + 4*d**3/3 - 13*d**2. Give p(6).
2
Let h be (-15)/(-10) + 2/4. Let x(r) = 0*r - h*r + r + 2. Suppose y + 2*y = 12. What is x(y)?
-2
Let g(m) be the third derivative of m**6/120 - m**5/10 + m**4/6 + 7*m**3/6 + 3*m**2. Let v be g(5). Let o(r) = 2*r**3 - r + 0 - 4*r**2 + v*r**2 + 0. Give o(-1).
-3
Let p(f) = 4*f + 3. Let h(n) = -6 + 3*n - 13*n + 3*n. Let m(y) = 6*h(y) + 11*p(y). Give m(5).
7
Let q(t) = -t**3 + 3*t**2 + 5*t - 4. Let f be q(4). Let h(d) = -39*d**2 + 26*d**3 - 27*d**3 - 7 - d + 40*d**2. Calculate h(f).
-7
Let w(g) = -g + 1. Let q be w(5). Let f(a) be the second derivative of -a**3/6 + a**2 - 4*a. Determine f(q).
6
Suppose 2*n - 15 = 3*g, -4*n - 1 = 5*g + 24. Suppose 0*l + 4*l = 0. Suppose -3*o + n*o = l. Let d(s) = s**3 - s + 6. What is d(o)?
6
Let p(d) be the second derivative of -d**3/6 - d**2 + 10*d. Determine p(-3).
1
Let h(y) = -2*y**2 - 7*y - 6. Let a = 0 - 0. Suppose -4*p + 9*p + 20 = a. Calculate h(p).
-10
Let i(a) = -a**3 + 2*a**2 + a + 2. Let f be i(2). Let o(b) = 4*b**2 + 2*b + 8. Let n(x) = 3*x**2 + x + 7. Let z(d) = f*o(d) - 5*n(d). Give z(-4).
1
Let s(x) = 3*x - 3. Let d(m) = -5*m + 7. Let y(t) = -4*d(t) - 7*s(t). Suppose -n + 1 + 4 = 0. Let g be 10/n - (-2 + 10). Determine y(g).
-1
Let b(c) be the first derivative of 9*c**4/4 - c**2/2 - c - 29. Calculate b(-1).
-9
Let j(h) be the second derivative of h**3/6 + 3*h**2/2 - 6*h. Let c(t) = t**3 - 3*t + 1. Let m be c(2). Give j(m).
6
Let r(h) = h**2 + 3*h + 3. Let n be r(0). Let z(a) = -a**2 - 2*a + 1. What is z(n)?
-14
Let s = 0 + -1. Let x(u) be the second derivative of -1/6*u**3 + 0 + 6*u + 0*u**2. Give x(s).
1
Let m(o) = o**2 + o - 3. Let t(w) = -3*w - 2*w + 3 + 4*w**2 - w**3 + 2*w. Let c be t(3). Let r be (12/10)/(c/(-10)). Determine m(r).
9
Suppose 2*s = -0*s. Let q(t) = -7 - 5*t - 2*t**3 + 5*t**2 - t + t. Let x(j) = j**3 - 2*j**2 + 2*j + 3. Let c(l) = 2*q(l) + 5*x(l). Calculate c(s).
1
Let q(o) = o + 8. Let f(s) = 3*s + 15. Let n be f(-5). What is q(n)?
8
Let d(v) = -v + 1. Let n(w) = 4*w. Let j(t) = -6*d(t) - 2*n(t). Determine j(-7).
8
Let s(n) = 7*n**3 + 5*n**2 - 9*n - 7. Let w(v) = 4*v**3 + 2*v**2 - 4*v - 3. Let m(i) = 3*s(i) - 7*w(i). Determine m(-1).
7
Let t = -25 + 13. Let c be ((-12)/t)/(-1 - 0). Let d(k) = -3*k**2 - k. Determine d(c).
-2
Let l(c) be the second derivative of c**4/12 + c**3/6 + c**2 - 3*c. Let m(s) = s**3 + 7*s**2 - 8*s - 3. Let h be m(-8). What is l(h)?
8
Let f(q) = 2 + 0 - 3 - q. Suppose 0 = 3*n - 8 - 1. Suppose 0 = -7*w + n*w. Determine f(w).
-1
Let h(q) = -q**3 - q**2 + 8. Let g be (-11)/(-33)*0/(-1). Give h(g).
8
Let m(w) be the first derivative of -w**3/3 - w**2 + w + 6. Calculate m(1).
-2
Suppose 22 = 4*y - 2. Let x(g) = -7 + g**3 + 2*g**2 + y*g**2 - 2*g + 7*g - 1. What is x(-7)?
6
Let o(z) = -2*z + 4. Let m be o(4). Let h(j) = j**2 - 1. Let i(k) = k**2 - 4*k - 2. Let l(q) = 2*h(q) - i(q). Give l(m).
0
Let f(w) = 6*w - 2. Let r be f(2). Suppose -v - r = -3*v. Let c(g) = 5*g - 3. Let a(o) = 4*o - 4. Let l(x) = 4*a(x) - 3*c(x). Calculate l(v).
-2
Let i = 8 - 2. Suppose -4*k + i = -3*s, -1 = 3*s + k - 10. Suppose -3*u - 2*q - q - 9 = 0, -u = -s*q. Let g(c) = 2*c**2 + 2*c. Give g(u).
4
Let b = -1 + 5. Let r(s) = -s + 3. What is r(b)?
-1
Let o(s) = -s**2 - s + 3. Let z(k) be the first derivative of k**2/2 - 4*k + 1. Let v(l) = 4*o(l) + 3*z(l). What is v(-1)?
-3
Let x(c) = -c**2 - 5*c - 7. Let p be x(-3). Let g(l) = -9*l**2 + 2*l + 1. Calculate g(p).
-10
Let t(d) = -d**3 + 5*d**2 + 7*d + 4. Let k(s) be the first derivative of -s**4/4 + 2*s**3 + s**2 - 6*s - 3. Let o be k(6). What is t(o)?
10
Let m(t) = 2*t - 5. Let i(u) = -5*u + 14. Let f(x) = 2*i(x) + 7*m(x). Give f(7).
21
Let r = -3 - -7. Let u(b) = -b - r + 2 + 2 - 4. Let q be u(-5). Let t(v) = -5*v - 1. Calculate t(q).
-6
Let x be 6/(-8) + 138/24. Suppose 2*k - 9 = -2*k - f, 0 = 3*k - x*f - 24. Let g(z) be the first derivative of z**4/4 - 4*z**3/3 + 2*z**2 + z + 1. Give g(k).
4
Let p(l) = l**3 + 7*l - 11 + 0*l**3 - 7*l**2 + 4. Let w(t) = t**3 - 3*t**2 + 2*t. Let d be w(3). What is p(d)?
-1
Let s(o) be the first derivative of -4 + 0*o + 1/2*o**2 + 14/3*o**3. What is s(-1)?
13
Let g = 68 - 69. Let h(j) = 20*j**2 - j - 1. Determine h(g).
20
Let y(g) be the third derivative of -1/60*g**5 - 2*g**2 + 0 + 0*g + 1/24*g**4 - 1/6*g**3. Let d be 3 + -3 + 1/1. Give y(d).
-1
Let n(f) = -f**3 + 4*f**2 + 6*f - 11. Let a be n(5). Let r(s) = -s**2 - 7*s - 3. Calculate r(a).
3
Let z(m) be the third derivative of -m**4/12 - m**2. Let r be z(-1). Let c(j) = -3*j + r + j + j. What is c(-5)?
7
Let a be (-1)/(2/42*3). Let c(b) = -b**3 - 8*b**2 - 8*b - 3. Give c(a).
4
Suppose 7*o + 2 = 6*o. Let i(l) = l**2 - l - 1. Calculate i(o).
5
Let u(r) = -4*r - 1. Let b be 0 + -3 + 2 + 2. Calculate u(b).
-5
Let i(y) = y**2 - 6*y + 4. Let c = 0 - -5. Give i(c).
-1
Let w(i) = -5*i**2 + 2*i**2 - 4*i - 2 + i**2. Suppose 0*f - 10 = -f. Suppose -2*t + l - 4 = 0, f = t - 6*t - 5*l. What is w(t)?
-2
Let y(w) = -w**3 - 8*w**2 - w - 2. Suppose 3*n - 5 = t, 3*t - 4*n + 3 = -17. Calculate y(t).
6
Let j(d) be the first derivative of 7/2*d**2 - 4 - 5*d + 2/3*d**3 - 1/4*d**4. What is j(4)?
-9
Suppose -5*d - 3*c = 60, 3*d + 23 = d - c. Let u(z) = z**3 + 8*z**2 - 7*z + 9. Give u(d).
-9
Let o(a) = -a**2 + 6*a + 4. Let b be o(5). Suppose -5*h + b = -6. Let y(s) = -3*s + h*s - 3 + s. Determine y(5).
2
Suppose -2*p - 8 = -4*p. Suppose 3*x + 12 = 0, 0*x + 12 = -p*g - 5*x. Let z be 6/4 + g/(-4). Let w(t) = 3*t - 1. Calculate w(z).
2
Let x(m) = -m**3 - 2*m**2 - 2*m - 1. Let c(t) = -t**2 - 6*t - 6. Let p be c(-4). Suppose p*g + 2*y + 1 = -g, 1 = 3*g + 4*y. Calculate x(g).
0
Let y be (-3)/(-12) - 15/(-4). Let v be 8/12*(y - 1). Let h(a) = -a + 2. Let w(n) = 2*n - 4. Let o(q) = -5*h(q) - 3*w(q). Determine o(v).
0
Suppose 6*z = z + 20. Let w be z/20 + 1/(-5). Suppose -d - 8 = d, 2*h - 5*d - 10 = w. Let r(t) = t. Calculate r(h).
-5
Let h(i) = -i - 5. Let y(m) = 3*m - 26. Let n be y(10). Give h(n).
-9
Let u(v) = -v**2 - v - 6. Let j(z) = z**2 + 5*z - 7. Let w be j(-6). Let p be (1 + w)/3*-1. Calculate u(p).
-6
Let x(g) be the third derivative of 1/24*g**4 - 1/60*g**5 - 2*g**2 + 1/6*g**3 + 0*g + 0. Calculate x(-3).
-11
Let n = 0 - -1. Let j(w) = 6*w. Calculate j(n).
6
Let c(z) = -2*z**3 - 2*z**2 + 2*z - 1. Let t(a) = a**2 - a + 2. Let h be t(0). Suppose h*p = 3 - 1. Calculate c(p).
-3
Suppose -2*f - 4*f - 3*f = 0. Let y(m) be the second derivative of m**4/12 + 3*m**2 - 2*m. Determine y(f).
6
Suppose -2 = 4*i - 2*j, 2*i - 3*i + j = 2. Suppose 3*y + 2*r + i = 0, -r + 1 + 2 = -2*y. Let k(w) = w**2 - w - 1. Determine k(y).
1
Let x(d) = -3*d - 2*d + 9*d. Calculate x(1).
4
Let y be 3/1*15/(-9). Let i(u) = 6 + 3*u + 0*u**3 + u**3 + 2*u + 6*u**2. Determine i(y).
6
Let a(l) = -4*l + 1. Suppose 4 = -j - 3*j. Give a(j).
5
Let p(t) = -t**2 - t - 1. Let d(n) = 2*n + 3*n - 1 + 7 + 2*n**2. Let w(c) = -d(c) - 3*p(c). Let f = 1 + 3. Calculate w(f).
5
Let x(d) = -2*d + 2. Let q = 5 - 3. Suppose 0 = 5*u - r + 7, 3*u + r - q*r + 3 = 0. Calculate x(u).
6
Let z(q) = -q**3 + 6*q**2 - 2*q - 1. Suppose -7*n - 3 = -8*n. Give z(n).
20
Let d(g) = g**2 + 4*g + 3. Let p = -5 + 2. Let v be -3*(-1)/3*p. Give d(v).
0
Let w(q) = -q**3 - 7*q**2 + 4. Let n be w(-7). Suppose 12 = n*k - 8. Let g(b) = k*b - b + b + 1. What is g(1)?
6
Suppose 5*j = 2*j + 4*x - 14, -5*x = -25. Let n be (-3)/(-2)*(2 + 0). Let l(m) = 2*m + 